{"id":592,"date":"2019-01-02T14:01:08","date_gmt":"2019-01-02T14:01:08","guid":{"rendered":"http:\/\/jeuneballetdaquitaine.com\/?page_id=592"},"modified":"2024-03-07T16:59:34","modified_gmt":"2024-03-07T16:59:34","slug":"diffusion","status":"publish","type":"page","link":"https:\/\/www.jeuneballetdaquitaine.com\/?page_id=592","title":{"rendered":"Diffusion"},"content":{"rendered":"<p><em>Nous avons des r\u00e9f\u00e9rences s\u00e9rieuses et avons acquis la confiance de \u00a0la\u00a0communaut\u00e9\u00a0artistique ainsi que celle de nombreux partenaires publics et priv\u00e9s\u00a0qui ont accueilli ces\u00a0programmes\u00a0dans le cadre de festivals de danse, de saisons culturelles ou d&rsquo;autres \u00e9v\u00e8nements.<\/em><\/p>\n<p><em>Nous pouvons \u00e9tudier avec vous\u00a0 un projet sur mesure et l&rsquo;adapter \u00e0 \u00a0votre lieu.\u00a0 Nous sommes\u00a0\u00e0 votre \u00e9coute\u00a0et pouvons proposer diff\u00e9rents formats en ad\u00e9quation\u00a0avec vos\u00a0attentes et celles de votre\u00a0 public.<\/em><\/p>\n<p><strong>Les\u00a0lieux o\u00f9 s&rsquo;est produit le Jeune Ballet d&rsquo;Aquitaine<\/strong><br \/>Espace Culturel Treulon, Bruges (33) \u2013 Th\u00e9\u00e2tre de l&rsquo;Ermitage Compostelle, Le Bouscat (33) \u2013 Espace Robert Hossein, Lourdes (65)\u00a0 &#8211; Rocher de Palmer, Cenon (33)\u00a0 \u2013 Th\u00e9\u00e2tre de la Ville, Valence (26) \u2013 Th\u00e9\u00e2tre F\u00e9mina, Bordeaux (33)\u00a0 \u2013 Salle de la Glaci\u00e8re, M\u00e9rignac (33) \u2013 CAPC mus\u00e9e d&rsquo;art contemporain, Bordeaux (33) \u2013 FRAC Aquitaine, Bordeaux \u2013 Espace culturel La Forge, Portets (33)\u00a0\u00a0\u2013 Th\u00e9\u00e2tre Olympia, Arcachon (33)\u00a0 \u2013 Th\u00e9\u00e2tre de Vitr\u00e9 (35) \u2013 F\u00eate internationale de la danse, Talence (33) \u2013 Festival du temps d&rsquo;aimer, Biarritz (64) \u2013 Tourn\u00e9e UPPA : Th\u00e9\u00e2tre de Bayonne (64) Gare du Midi, Biarritz (64) &#8211; Maison des Arts et de la Culture, Pessac (33) \u2013 l&rsquo;Entrep\u00f4t, Le Haillan (33) \u2013 Th\u00e9\u00e2tre de l&rsquo;Eperon, Angoul\u00eame (16) &#8211; Espace Culturel des Chartrons, Bordeaux (33) &#8211; Th\u00e9\u00e2tre le Liburnia, Libourne (33) \u2013 Festival Cadences, Arcachon 33 \u2013Espace Culturel Favols, Carbon-Blanc (33) \u2013 La Manoque, Tonneins (47) &#8211; CdC le Cuvier de Feydeau, Artigues-pr\u00e8s-Bordeaux (33) &#8211; Espace Pierre Favre, Saint Jean d&rsquo;Illac (33), Th\u00e9\u00e2tre Les Arcades, Cr\u00e9on (33) &#8211; Chateau Brignon, Carbon-Blanc (33) &#8211; Journ\u00e9es du patrimoine, Citadelle de Blaye (33)\u00a0 &#8211; Universit\u00e9 de Bordeaux Michel\u00a0 Montaigne, Pessac (33) &#8211;\u00a0 PUSG, Bordeaux Bastide &#8211;\u00a0 \u00a0I.A.E, Bordeaux (33) &#8211; Espace Ren\u00e9 Lazare, Targon (33) &#8211; Le Garage Moderne, Bordeaux (33) &#8211; \u00a0Les Vivres de l&rsquo;Art, Bordeaux (33) &#8211; Cit\u00e9 des Civilisations du Vin, Bordeaux (33) &#8211; Ch\u00e2teau les Vigiers, Monestier (47) &#8211; Espace M\u00e9doquine, Talence (33) &#8211; Th\u00e9\u00e2tre en Miettes, B\u00e8gles (33), La Sir\u00e8ne, Bordeaux (33) &#8211; \u00ab\u00a0Darwin\u00a0\u00bb Caserne Niel, Bordeaux (33) &#8211; Espace Saugonna, Mamers (72) &#8211; Ch\u00e2teau La Louvi\u00e8re, Leognan (33), Salle du Grand-Parc, Bordeaux (33).<\/p>\n<p><strong>Projets d&rsquo;\u00e9ducation artistique :<\/strong><br \/>Le programme des \u0153uvres pr\u00e9sent\u00e9es par le Jeune Ballet d&rsquo;Aquitaine\u00a0 propose une r\u00e9flexion sur la danse classique et contemporaine\u00a0et\u00a0les diff\u00e9rents modes de composition associ\u00e9s \u00e0 ces techniques qui se compl\u00e8tent et s\u2019enrichissent.<\/p>\n<p><span style=\"text-decoration: underline;\">Nous proposons\u00a0en lien avec les projets de diffusion\u00a0:<\/span><\/p>\n<ul>\n<li><em>Cours de danse classique ou contemporaine<\/em><\/li>\n<li><em>Ateliers chor\u00e9graphique autour du r\u00e9pertoire\u00a0<\/em><\/li>\n<li><em>Travail\u00a0de composition et d\u2019improvisation<\/em><\/li>\n<li><em>D\u00e9monstrations\u00a0 ouvertes \u00e0 tous les publics (professeurs de danse, \u00e9l\u00e8ves des \u00e9coles de danse, scolaires, amateurs\u2026).<\/em><\/li>\n<li><em>Pr\u00e9sentation d\u2019extraits d&rsquo;\u0153uvres qui composent le spectacle du Jeune Ballet d&rsquo;Aquitaine et\u00a0 \u00e9changes\u00a0avec le public.<\/em><\/li>\n<\/ul>\n<header class=\"entry-header\">\n<p class=\"entry-title\">\u00a0<\/p>\n<\/header>\n<p>Direction artistique :\u00a0 <a href=\"http:\/\/jeuneballetdaquitaine.com\/christelle-lara\"><strong>Christelle Lara<\/strong><\/a><\/p>\n<p>Nous contacter : <a href=\"mailto:diffusion@jeuneballetdaquitaine.com\">diffusion(at)jeuneballetdaquitaine.com<\/a><\/p>\n<p>\u00a0<\/p>\n\n\n<p><br><\/p>\n","protected":false},"excerpt":{"rendered":"<p>Nous avons des r\u00e9f\u00e9rences s\u00e9rieuses et avons acquis la confiance de \u00a0la\u00a0communaut\u00e9\u00a0artistique ainsi que celle de nombreux partenaires publics et priv\u00e9s\u00a0qui ont accueilli ces\u00a0programmes\u00a0dans le cadre de festivals de danse, de saisons culturelles ou d&rsquo;autres \u00e9v\u00e8nements. Nous pouvons \u00e9tudier avec vous\u00a0 un projet sur mesure et l&rsquo;adapter \u00e0 \u00a0votre lieu.\u00a0 Nous sommes\u00a0\u00e0 votre \u00e9coute\u00a0et pouvons &hellip; <\/p>\n<p class=\"link-more\"><a href=\"https:\/\/www.jeuneballetdaquitaine.com\/?page_id=592\" class=\"more-link\">Continuer la lecture<span class=\"screen-reader-text\"> de &laquo;&nbsp;Diffusion&nbsp;&raquo;<\/span><\/a><\/p>\n","protected":false},"author":1,"featured_media":1127,"parent":0,"menu_order":0,"comment_status":"closed","ping_status":"closed","template":"","meta":[],"_links":{"self":[{"href":"https:\/\/www.jeuneballetdaquitaine.com\/index.php?rest_route=\/wp\/v2\/pages\/592"}],"collection":[{"href":"https:\/\/www.jeuneballetdaquitaine.com\/index.php?rest_route=\/wp\/v2\/pages"}],"about":[{"href":"https:\/\/www.jeuneballetdaquitaine.com\/index.php?rest_route=\/wp\/v2\/types\/page"}],"author":[{"embeddable":true,"href":"https:\/\/www.jeuneballetdaquitaine.com\/index.php?rest_route=\/wp\/v2\/users\/1"}],"replies":[{"embeddable":true,"href":"https:\/\/www.jeuneballetdaquitaine.com\/index.php?rest_route=%2Fwp%2Fv2%2Fcomments&post=592"}],"version-history":[{"count":32,"href":"https:\/\/www.jeuneballetdaquitaine.com\/index.php?rest_route=\/wp\/v2\/pages\/592\/revisions"}],"predecessor-version":[{"id":1689,"href":"https:\/\/www.jeuneballetdaquitaine.com\/index.php?rest_route=\/wp\/v2\/pages\/592\/revisions\/1689"}],"wp:featuredmedia":[{"embeddable":true,"href":"https:\/\/www.jeuneballetdaquitaine.com\/index.php?rest_route=\/wp\/v2\/media\/1127"}],"wp:attachment":[{"href":"https:\/\/www.jeuneballetdaquitaine.com\/index.php?rest_route=%2Fwp%2Fv2%2Fmedia&parent=592"}],"curies":[{"name":"wp","href":"https:\/\/api.w.org\/{rel}","templated":true}]}}