{"id":2,"date":"2017-05-13T15:30:45","date_gmt":"2017-05-13T15:30:45","guid":{"rendered":"http:\/\/formation-danse.com\/?page_id=2"},"modified":"2025-10-08T06:57:49","modified_gmt":"2025-10-08T06:57:49","slug":"formation","status":"publish","type":"page","link":"https:\/\/www.jeuneballetdaquitaine.com\/?page_id=2","title":{"rendered":"La formation"},"content":{"rendered":"<hr \/>\n<p><strong>CURSUS<\/strong><\/p>\n<hr \/>\n<p><strong>D\u2019un bon niveau technique et dot\u00e9s d\u2019un fort potentiel, les candidats se positionnent dans une d\u00e9marche de professionnalisation et de recherche artistique.<\/strong><br \/>\nLe programme de la formation s\u2019articule sur 2 \u00a0ann\u00e9es et a pour ambition de proposer un cycle d\u2019enseignement dont l&rsquo;objectif est de former des danseurs polyvalents de haut niveau, en mesure de r\u00e9pondre aux exigences des chor\u00e9graphes et directeurs de compagnie actuelles, de construire des parcours professionnels singuliers bas\u00e9s sur l\u2019\u00e9panouissement personnel, l\u2019adaptabilit\u00e9, et l\u2019autonomie.<\/p>\n<p>Le cycle de perfectionnement et d\u2019apprentissage sc\u00e9nique permet au danseur en formation, futur professionnel, de construire son identit\u00e9 artistique, d\u2019acqu\u00e9rir de l\u2019exp\u00e9rience et de favoriser son insertion professionnelle. Pour cela, les \u00e9tudiants sont accompagn\u00e9s et nourris dans leur recherche par l\u2019\u00e9quipe p\u00e9dagogique mais aussi par des personnalit\u00e9s artistiques, des chor\u00e9graphes, des professeurs invit\u00e9s, et intervenants issus de la fili\u00e8re professionnelle.<\/p>\n<p>Chaque stagiaire est amen\u00e9 \u00e0 approfondir ses connaissances, d\u00e9velopper ses capacit\u00e9s d\u2019adaptation aux diff\u00e9rents styles et langages propos\u00e9s, construire son propre univers et alimenter sa culture chor\u00e9graphique tout en d\u00e9veloppant sa connaissance corporelle o\u00f9 la pratique physique quotidienne est mise en lien avec des apports th\u00e9oriques.<\/p>\n<hr \/>\n<p><strong>CONDITIONS D\u2019ENTR\u00c9E EN FORMATION<\/strong><\/p>\n<hr \/>\n<p>Avoir 16 ans r\u00e9volus et moins de 24 ans au moment de l\u2019entr\u00e9e en formation.<\/p>\n<p>\u00catre titulaire du baccalaur\u00e9at (des d\u00e9rogations sont possibles selon les motivations et le niveau\u00a0du candidat).<\/p>\n<p>Un bon niveau de pratique dans au moins un des styles suivants : classique,\u00a0contemporain, jazz.<\/p>\n<p>Avoir \u00e9t\u00e9 retenu(e) \u00e0 l\u2019audition d\u2019admission.<\/p>\n<hr \/>\n<p><strong>PROGRAMME<\/strong><\/p>\n<hr \/>\n<p><strong>Perfectionnement technique et artistique<\/strong><\/p>\n<ul>\n<li>Danse Classique<\/li>\n<li>Danse Contemporaine. Disciplines connexes :<\/li>\n<li>Danse Jazz,<\/li>\n<li>Danse Urbaines,<\/li>\n<li>Ateliers de cr\u00e9ation \/ recherche chor\u00e9graphique.<\/li>\n<li>Cours de r\u00e9pertoire, adage, pas de deux.<\/li>\n<li>Master class<\/li>\n<li>Apports pratiques et th\u00e9oriques<\/li>\n<li>Th\u00e9\u00e2tre, voix.<\/li>\n<li>Proprioception, renforcement musculaire, gainage.<\/li>\n<li>Di\u00e9t\u00e9tique.<\/li>\n<li>Anatomie-physiologie du mouvement appliqu\u00e9 \u00e0 la danse.<\/li>\n<li>Pilates.<\/li>\n<li>Culture chor\u00e9graphique.<\/li>\n<li>D\u00e9veloppement personnel et accompagnement projet.<\/li>\n<li>Pratique de la sc\u00e8ne<\/li>\n<\/ul>\n<p><strong>Evaluations<\/strong><\/p>\n<ul>\n<li>\u00c9valuations continues et entretiens individuels.<\/li>\n<li>Pr\u00e9paration aux concours et aux auditions.<\/li>\n<li>Pr\u00e9paration \u00e0 l\u2019 E.A.T<\/li>\n<li>Travail personnalis\u00e9 dans chaque discipline.<\/li>\n<\/ul>\n<p><strong>Artistes et professeurs invit\u00e9s<\/strong><\/p>\n<ul>\n<li>Cours<\/li>\n<li>Master Class<\/li>\n<li>Ateliers de Cr\u00e9ation<\/li>\n<\/ul>\n<p><strong>Collaborations artistiques<\/strong><\/p>\n<hr \/>\n<p><strong>D\u00c9ROULEMENT<\/strong><\/p>\n<hr \/>\n<p>La formation se d\u00e9roule sur deux \u00a0ann\u00e9e, \u00e0 raison d\u2019environ 25 \u00e0 30 \u00a0heures d\u2019enseignement par semaines de mi-septembre \u00e0 la fin du mois de juin, repr\u00e9sentant un volume total de\u00a0<strong>1150 heures annuelles de formation technique et artistique.<\/strong><\/p>\n<p>L\u2019enseignement est dispens\u00e9s du lundi au vendredi entre 9h30 et 17h00 et peut retenir les stagiaires en soir\u00e9e et parfois les weekends selon les projets artistiques.<\/p>\n<p><strong style=\"font-size: revert;\"><em>Le centre de formation ne prend pas en charge l\u2019h\u00e9bergement et la restauration des stagiaires.<\/em><\/strong><\/p>\n<hr \/>\n<p><strong>FINANCEMENT<\/strong><\/p>\n<hr \/>\n<p>Le Jeune Ballet d\u2019Aquitaine est un centre de formation professionnelle continue \u00a0d\u00e9clar\u00e9 aupr\u00e8s de la pr\u00e9fecture de R\u00e9gion Nouvelle-Aquitaine enregistr\u00e9 sous le \u00a0N\u00b0 72 33 08518 33. Plusieurs sources de financement sont possibles selon la situation des candidats :<\/p>\n<p><span style=\"text-decoration: underline;\">Le financement priv\u00e9 :<\/span><br \/>\nLe danseur ou sa famille, les fonds priv\u00e9s d\u2019aide \u00e0 la formation et \u00e0 l\u2019insertion\u2026<br \/>\nPour les candidats salari\u00e9s, le co\u00fbt de la formation peut \u00eatre pris en charge par les OPCO (AFDAS,\u00a0 FONGECIF, AGEFOS,\u2026) de leur entreprise au titre de la participation \u00e0 la Formation Professionnelle Continue. Renseignez vous aupr\u00e8s de votre employeur si vous \u00eates salari\u00e9 et aupr\u00e8s de l\u2019AFDAS si vous \u00eates intermittent du spectacle.<\/p>\n<p><span style=\"text-decoration: underline;\">Le financement public :<\/span><br \/>\nIl existe de nombreux dispositifs de financement possibles selon votre situation personnelle (salari\u00e9s, demandeurs d\u2019emploi, b\u00e9n\u00e9ficiaire des minimas sociaux, \u2026). Il est\u00a0 important que vous commenciez \u00e0 \u00e9tudier vos droits d\u00e8s votre inscription aux auditions afin d\u2019explorer toutes les possibilit\u00e9s. Vous devez pour chaque type d\u2019aide remplir les conditions sp\u00e9cifiques et prendre en compte les \u00e9ventuels d\u00e9lais pour d\u00e9poser vos dossiers de demande d\u2019aide avant l\u2019entr\u00e9e en formation.<br \/>\nRenseignez-vous aupr\u00e8s de votre Mission Locale, \u00a0de France Travail, des services des collectivit\u00e9s territoriales (R\u00e9gions, d\u00e9partements, villes) dont vous d\u00e9pendez.<\/p>\n<hr \/>\n<p><strong>R\u00c9INSCRIPTIONS<\/strong><\/p>\n<hr \/>\n<p>Chaque ann\u00e9e, les stagiaires admissibles dans l\u2019ann\u00e9e sup\u00e9rieure\u00a0doivent confirmer leur r\u00e9inscription\u00a0<strong>au plus tard le 15 avril de l\u2019ann\u00e9e en cours.<\/strong><\/p>\n<hr \/>\n<p><strong>TARIFS<\/strong><\/p>\n<hr \/>\n<p>Les\u00a0\u00a0stagiaires admissibles suite aux \u00e9preuves sont notifi\u00e9s par email. \u00a0Il\u00a0doivent confirmer leur candidature et retourner\u00a0\u00a0leur\u00a0dossier d\u2019inscription d\u00e9finitif par voie postale dans le 3 semaines suivant la notification\u00a0d\u2019admission.<\/p>\n<p>Les frais d&rsquo;inscription annuels d\u2019un montant de 990,00\u20ac\u00a0 sont vers\u00e9s\u00a0 lors de l\u2019envoi du dossier d\u2019inscription. Les frais de formation s\u2019\u00e9l\u00e8vent \u00e0 4900,00 \u20ac \u00a0par an. Ce montant sera d\u00fb d\u00e8s l\u2019entr\u00e9e en formation du stagiaire (*).<\/p>\n<p><em>(*) Informations non contractuelles &#8211; Les tarifs indiqu\u00e9s sont susceptibles d&rsquo;\u00e9volution.<\/em><\/p>\n<hr \/>\n<p><strong>CONTACT<\/strong><\/p>\n<hr \/>\n<p><strong>Jeune Ballet d&rsquo;Aquitaine<\/strong><br \/>\nAssociation loi 1901<br \/>\n22, rue Reni\u00e8re B.P 90002<br \/>\n33037 Bordeaux cedex<br \/>\nFrance<br \/>\nT +33(0)6 25 93 45 70<br \/>\nSiret : 517 658 753 00028 \u2013 APE : 8559B<br \/>\nOrganisme de formation professionnelle N\u00b0 72 33 08518 33<br \/>\nD\u00e9clar\u00e9 aupr\u00e8s du pr\u00e9fet de r\u00e9gion Nouvelle Aquitaine.<\/p>\n<p><strong>Direction artistique et direction des \u00e9tudes :\u00a0<\/strong><strong><a href=\"http:\/\/jeuneballetdaquitaine.com\/christelle-lara\">Christelle\u00a0Lara<\/a><\/strong><br \/>\n<a href=\"formation@jeuneballetdaquitaine.com\">formation(at)jeuneballetdaquitaine.com<\/a><\/p>\n<p><strong>Administration : Beno\u00eet Baxerres<\/strong><br \/>\n<a href=\"administration@jeuneballetdaquitaine.com\">administration(at)jeuneballetdaquitaine.com<\/a><\/p>\n<hr \/>\n","protected":false},"excerpt":{"rendered":"<p>CURSUS D\u2019un bon niveau technique et dot\u00e9s d\u2019un fort potentiel, les candidats se positionnent dans une d\u00e9marche de professionnalisation et de recherche artistique. Le programme de la formation s\u2019articule sur 2 \u00a0ann\u00e9es et a pour ambition de proposer un cycle d\u2019enseignement dont l&rsquo;objectif est de former des danseurs polyvalents de haut niveau, en mesure de &hellip; <\/p>\n<p class=\"link-more\"><a href=\"https:\/\/www.jeuneballetdaquitaine.com\/?page_id=2\" class=\"more-link\">Continuer la lecture<span class=\"screen-reader-text\"> de &laquo;&nbsp;La formation&nbsp;&raquo;<\/span><\/a><\/p>\n","protected":false},"author":1,"featured_media":1126,"parent":0,"menu_order":0,"comment_status":"closed","ping_status":"open","template":"","meta":[],"_links":{"self":[{"href":"https:\/\/www.jeuneballetdaquitaine.com\/index.php?rest_route=\/wp\/v2\/pages\/2"}],"collection":[{"href":"https:\/\/www.jeuneballetdaquitaine.com\/index.php?rest_route=\/wp\/v2\/pages"}],"about":[{"href":"https:\/\/www.jeuneballetdaquitaine.com\/index.php?rest_route=\/wp\/v2\/types\/page"}],"author":[{"embeddable":true,"href":"https:\/\/www.jeuneballetdaquitaine.com\/index.php?rest_route=\/wp\/v2\/users\/1"}],"replies":[{"embeddable":true,"href":"https:\/\/www.jeuneballetdaquitaine.com\/index.php?rest_route=%2Fwp%2Fv2%2Fcomments&post=2"}],"version-history":[{"count":49,"href":"https:\/\/www.jeuneballetdaquitaine.com\/index.php?rest_route=\/wp\/v2\/pages\/2\/revisions"}],"predecessor-version":[{"id":1868,"href":"https:\/\/www.jeuneballetdaquitaine.com\/index.php?rest_route=\/wp\/v2\/pages\/2\/revisions\/1868"}],"wp:featuredmedia":[{"embeddable":true,"href":"https:\/\/www.jeuneballetdaquitaine.com\/index.php?rest_route=\/wp\/v2\/media\/1126"}],"wp:attachment":[{"href":"https:\/\/www.jeuneballetdaquitaine.com\/index.php?rest_route=%2Fwp%2Fv2%2Fmedia&parent=2"}],"curies":[{"name":"wp","href":"https:\/\/api.w.org\/{rel}","templated":true}]}}