{"id":1472,"date":"2023-03-02T08:14:10","date_gmt":"2023-03-02T08:14:10","guid":{"rendered":"https:\/\/www.jeuneballetdaquitaine.com\/?page_id=1472"},"modified":"2023-05-11T13:23:53","modified_gmt":"2023-05-11T13:23:53","slug":"choregraphes-invites-2022-23","status":"publish","type":"page","link":"https:\/\/www.jeuneballetdaquitaine.com\/?page_id=1472","title":{"rendered":"Chor\u00e9graphes invit\u00e9s 2022\/23"},"content":{"rendered":"\n<p><strong><strong>Christelle LAR<\/strong>A \u00ab Corps Exquis\u00a0\u00bb<\/strong><\/p>\n\n\n\n<p>Directrice Artistique du Jeune Ballet d\u2019Aquitaine, chor\u00e9graphe et p\u00e9dagogue de premier plan, Christelle Lara se forme \u00e0 l\u2019Acad\u00e9mie Bordelaise de Danse avec ma\u00eetre Paoli et devient Soliste du Ballet de l\u2019Op\u00e9ra National de Bordeaux de 1985 et 2005 sous les directions successives de Wladimir Skouratoff, Paolo Bortoluzzi, Eric Vu-An et Charles Jude. Elle travaille avec de nombreux chor\u00e9graphes, Nils Christie, Carolyn Carlson, Robert North, Joseph Lazzini, Thierry Malandain, Ted Brandsen, Douglas Dunn, Christian Holder, Margo Sappington, Luciano Cannito, Jean Charles Gil, Eug\u00e8ne Polyakov, Tit H\u00e4rm, interpr\u00e8te les grands r\u00f4les du r\u00e9pertoire et participe aux tourn\u00e9es internationales du Ballet de l\u2019Op\u00e9ra.Professeur de Danse Classique dipl\u00f4m\u00e9e d\u2019\u00e9tat, elle enseigne \u00e0 l\u2019Acad\u00e9mie Bordelaise de Danse, au Centre Eurodanse de 2005 \u00e0 2010 et au Junior Ballet d\u2019Aquitaine de 2006 \u00e0 2010, sous la Direction de Daniel Agesilas, Directeur de la Danse au CNSMD de Paris. Claude Paoli lui propose la direction du Jeune Ballet d\u2019Aquitaine en 2010 au sein duquel elle fonde le Centre de formation Professionnelle en 2011.Professionnelle accomplie et exp\u00e9riment\u00e9e,&nbsp; elle partage et transmet&nbsp; sa connaissance intime du m\u00e9tier d\u2019artiste chor\u00e9graphique \u2013 danseur interpr\u00e8te.&nbsp; Elle accompagne &nbsp;les danseurs dans la construction de leur &nbsp;identit\u00e9 artistique, am\u00e8ne l\u2019exigence de la danse classique aux diff\u00e9rentes techniques de la danse contemporaine et affirme l\u2019importance de la r\u00e9ciprocit\u00e9 et des inter-relations entre les diff\u00e9rentes esth\u00e9tiques. &nbsp;Elle cr\u00e9e des passerelles entre la danse et d\u2019autres arts en d\u00e9veloppant de nombreux projets en lien avec les intervenants de la formation, les acteurs culturels du territoire et la communaut\u00e9 artistique.<\/p>\n\n\n\n<figure class=\"wp-block-embed is-type-video is-provider-vimeo wp-block-embed-vimeo wp-embed-aspect-16-9 wp-has-aspect-ratio\"><div class=\"wp-block-embed__wrapper\">\n<iframe loading=\"lazy\" title=\"Corps Exquis - Christelle LARA\" src=\"https:\/\/player.vimeo.com\/video\/820280246?dnt=1&amp;app_id=122963\" width=\"525\" height=\"295\" frameborder=\"0\" allow=\"autoplay; fullscreen; picture-in-picture\"><\/iframe>\n<\/div><\/figure>\n\n\n\n<p> <\/p>\n\n\n\n<p><strong>Le\u00efla KA<\/strong>  <strong>\u00ab\u00a0Pleurera bien qui rira le dernier\u00a0\u00bb <\/strong><\/p>\n\n\n\n<p>Le\u00efla Ka&nbsp;d\u00e9bute son parcours par les danses urbaines qu\u2019elle croise rapidement avec d\u2019autres influences. Interpr\u00e8te de Maguy Marin dans la c\u00e9l\u00e8bre pi\u00e8ce&nbsp;<em>May B<\/em>, elle tire de cette exp\u00e9rience une th\u00e9\u00e2tralit\u00e9 dans\u00e9e qu\u2019elle int\u00e8gre \u00e0 sa recherche chor\u00e9graphique. Son \u00e9criture, qui d\u00e9cline les th\u00e9matiques de la difficult\u00e9 d\u2019\u00eatre soi, du destin et des identit\u00e9s, a \u00e9t\u00e9 d\u00e9couverte par le public en 2018 dans un premier solo&nbsp;:&nbsp;<em>Pode Ser,<\/em>&nbsp;prim\u00e9 cinq fois \u00e0 l\u2019international et jou\u00e9 plus de 140 fois depuis sa cr\u00e9ation. Forte d\u2019une seconde pi\u00e8ce en solo Se faire la belle et d\u2019un duo&nbsp;<em>C\u2019est toi qu\u2019on adore<\/em>, Le\u00efla Ka est aujourd\u2019hui artiste associ\u00e9e au CENTQUATRE-PARIS, \u00e0 la Garance, sc\u00e8ne nationale de Cavaillon, en r\u00e9sidence longue \u00e0 l\u2019Espace 1789 et est accompagn\u00e9e par le r\u00e9seau Tremplin \u2013 soutien aux chor\u00e9graphes \u00e9mergents \u2013 jusqu\u2019en 2024. En 2022, ellle re\u00e7oit le prix \u00ab&nbsp;r\u00e9v\u00e9lation chor\u00e9graphique&nbsp;\u00bb des Syndicats de la critique<\/p>\n\n\n\n<figure class=\"wp-block-embed is-type-video is-provider-vimeo wp-block-embed-vimeo wp-embed-aspect-16-9 wp-has-aspect-ratio\"><div class=\"wp-block-embed__wrapper\">\n<iframe loading=\"lazy\" title=\"Pleurera bien qui rira le dernier - Le\u00efla KA\" src=\"https:\/\/player.vimeo.com\/video\/757839244?dnt=1&amp;app_id=122963\" width=\"525\" height=\"295\" frameborder=\"0\" allow=\"autoplay; fullscreen; picture-in-picture\"><\/iframe>\n<\/div><\/figure>\n\n\n\n<p><\/p>\n\n\n\n<p><strong>Sabine SAMBA &#8211; Cie GestueLLe<\/strong>  <strong>\u00ab\u00a0J&rsquo;ai, Donc Je Suis\u00a0\u00bb <\/strong><\/p>\n\n\n\n<p>&nbsp;Sabine SAMBA est de ces interpr\u00e8tes rares qui ont su affirmer un engagement sans faille pour une danse d&rsquo;expression urbaine en \u00e9bullition, en cr\u00e9ant depuis les ann\u00e9es 90, tout en s&rsquo;acharnant \u00e0 s&rsquo;impr\u00e9gner d&rsquo;autres cultures du mouvement aussi diverses que la salsa, le jazz, la modern dance et diff\u00e9rentes approches de l&rsquo;expression contemporaine. R\u00e9v\u00e9l\u00e9e par la sc\u00e8ne hip-hop, elle s&rsquo;\u00e9vertue \u00e0 en \u00eatre l&rsquo;un des t\u00e9moins f\u00e9minin privil\u00e9gi\u00e9. L&rsquo;aventure initiatique qui emm\u00e8ne les danseurs hip-hop de la rue \u00e0 la sc\u00e8ne.<\/p>\n\n\n\n<p>Sabine s&rsquo;invente, au-del\u00e0 des crit\u00e8res de genre, sa mati\u00e8re de danse. Son travail se construit d&rsquo;une r\u00e9flexion de fond, teint\u00e9e d&rsquo;une touche grave mais toujours emplie d&rsquo;humour. Sa pr\u00e9sence d&rsquo;interpr\u00e8te et sa recherche chor\u00e9graphique s&rsquo;affranchissent de code gestuel pour s&rsquo;ouvrir \u00e0 la parole, \u00e0 la th\u00e9\u00e2tralit\u00e9. C&rsquo;est une aspiration \u00e0 un langage gestuel contemporain propre \u00e0 t\u00e9moigner de sa propre pr\u00e9sence au monde.&nbsp;Alain Gonotey<\/p>\n\n\n\n<figure class=\"wp-block-embed is-type-video is-provider-vimeo wp-block-embed-vimeo wp-embed-aspect-16-9 wp-has-aspect-ratio\"><div class=\"wp-block-embed__wrapper\">\n<iframe loading=\"lazy\" title=\"J&#039;ai Donc Je Suis - Sabine Samba\" src=\"https:\/\/player.vimeo.com\/video\/825817708?dnt=1&amp;app_id=122963\" width=\"525\" height=\"295\" frameborder=\"0\" allow=\"autoplay; fullscreen; picture-in-picture\"><\/iframe>\n<\/div><\/figure>\n\n\n\n<p>Cr\u00e9ation lumi\u00e8res :<strong> Ramuntxo TONGES<\/strong><\/p>\n","protected":false},"excerpt":{"rendered":"<p>Christelle LARA \u00ab Corps Exquis\u00a0\u00bb Directrice Artistique du Jeune Ballet d\u2019Aquitaine, chor\u00e9graphe et p\u00e9dagogue de premier plan, Christelle Lara se forme \u00e0 l\u2019Acad\u00e9mie Bordelaise de Danse avec ma\u00eetre Paoli et devient Soliste du Ballet de l\u2019Op\u00e9ra National de Bordeaux de 1985 et 2005 sous les directions successives de Wladimir Skouratoff, Paolo Bortoluzzi, Eric Vu-An et &hellip; <\/p>\n<p class=\"link-more\"><a href=\"https:\/\/www.jeuneballetdaquitaine.com\/?page_id=1472\" class=\"more-link\">Continuer la lecture<span class=\"screen-reader-text\"> de &laquo;&nbsp;Chor\u00e9graphes invit\u00e9s 2022\/23&nbsp;&raquo;<\/span><\/a><\/p>\n","protected":false},"author":1,"featured_media":0,"parent":0,"menu_order":0,"comment_status":"closed","ping_status":"closed","template":"","meta":[],"_links":{"self":[{"href":"https:\/\/www.jeuneballetdaquitaine.com\/index.php?rest_route=\/wp\/v2\/pages\/1472"}],"collection":[{"href":"https:\/\/www.jeuneballetdaquitaine.com\/index.php?rest_route=\/wp\/v2\/pages"}],"about":[{"href":"https:\/\/www.jeuneballetdaquitaine.com\/index.php?rest_route=\/wp\/v2\/types\/page"}],"author":[{"embeddable":true,"href":"https:\/\/www.jeuneballetdaquitaine.com\/index.php?rest_route=\/wp\/v2\/users\/1"}],"replies":[{"embeddable":true,"href":"https:\/\/www.jeuneballetdaquitaine.com\/index.php?rest_route=%2Fwp%2Fv2%2Fcomments&post=1472"}],"version-history":[{"count":15,"href":"https:\/\/www.jeuneballetdaquitaine.com\/index.php?rest_route=\/wp\/v2\/pages\/1472\/revisions"}],"predecessor-version":[{"id":1505,"href":"https:\/\/www.jeuneballetdaquitaine.com\/index.php?rest_route=\/wp\/v2\/pages\/1472\/revisions\/1505"}],"wp:attachment":[{"href":"https:\/\/www.jeuneballetdaquitaine.com\/index.php?rest_route=%2Fwp%2Fv2%2Fmedia&parent=1472"}],"curies":[{"name":"wp","href":"https:\/\/api.w.org\/{rel}","templated":true}]}}