{"id":1099,"date":"2020-10-17T17:13:49","date_gmt":"2020-10-17T17:13:49","guid":{"rendered":"http:\/\/jeuneballetdaquitaine.com\/?page_id=1099"},"modified":"2021-02-20T14:20:51","modified_gmt":"2021-02-20T14:20:51","slug":"choregraphes-invites-2019-20","status":"publish","type":"page","link":"https:\/\/www.jeuneballetdaquitaine.com\/?page_id=1099","title":{"rendered":"Chor\u00e9graphes invit\u00e9s 2019\/20"},"content":{"rendered":"\n<p><strong>Victor Launay<\/strong><br><a href=\"https:\/\/www.adequatecie.com\/\"><em>Cie&nbsp;Les&nbsp;Vikings<\/em><\/a><br>\u00ab\u00a0Songe\u00a0\u00bb<br>Cr\u00e9ation<\/p>\n\n\n\n<p><strong>Julie&nbsp;Sicard<\/strong><br>\u00ab\u00a0Les envol\u00e9es\u00a0\u00bb<br>Cr\u00e9ation <\/p>\n\n\n\n<p><strong>Jean Alavi<\/strong><br>\u00ab\u00a0Ring-A-Ring O&rsquo;Roses\u00a0\u00bb<br>Cr\u00e9ation<\/p>\n\n\n\n<p><strong>Marion Renoux<\/strong><br>\u00ab\u00a0Track_1\u00a0\u00bb<br>Cr\u00e9ation<\/p>\n\n\n\n<p><strong>Christelle Lara<\/strong><br>\u00ab\u00a0Passer au pr\u00e9sent\u00a0\u00bb<br>Cr\u00e9ations&nbsp;&#8211; <a href=\"http:\/\/lentrepot-lehaillan.com\/events\/accords-a-corps-2\/\">Spectacle Accords \u00e0 Corps<\/a><\/p>\n\n\n\n<p>P<em>rojet musique et danse Jazz organis\u00e9 par l&rsquo;Entrep\u00f4t et le service culturel du Haillan &#8211; Commune de Bordeaux m\u00e9tropole.&nbsp;Sur une proposition originale de Marie-h\u00e9l\u00e8ne Plassan,&nbsp; direction musicale Olivier Gatto, avec la participation des danseurs de Tempo-Jazz, de l&rsquo;\u00e9cole Ma\u00eft\u00e9 Langevin et des danseurs du  jeune Ballet d&rsquo;Aquitaine.&nbsp;<\/em><\/p>\n\n\n\n<p>Cr\u00e9ation lumi\u00e8res : Wilfried Maranon &#8211; Lo\u00efc Gallo<\/p>\n","protected":false},"excerpt":{"rendered":"<p>Victor LaunayCie&nbsp;Les&nbsp;Vikings\u00ab\u00a0Songe\u00a0\u00bbCr\u00e9ation Julie&nbsp;Sicard\u00ab\u00a0Les envol\u00e9es\u00a0\u00bbCr\u00e9ation Jean Alavi\u00ab\u00a0Ring-A-Ring O&rsquo;Roses\u00a0\u00bbCr\u00e9ation Marion Renoux\u00ab\u00a0Track_1\u00a0\u00bbCr\u00e9ation Christelle Lara\u00ab\u00a0Passer au pr\u00e9sent\u00a0\u00bbCr\u00e9ations&nbsp;&#8211; Spectacle Accords \u00e0 Corps Projet musique et danse Jazz organis\u00e9 par l&rsquo;Entrep\u00f4t et le service culturel du Haillan &#8211; Commune de Bordeaux m\u00e9tropole.&nbsp;Sur une proposition originale de Marie-h\u00e9l\u00e8ne Plassan,&nbsp; direction musicale Olivier Gatto, avec la participation des danseurs de Tempo-Jazz, de l&rsquo;\u00e9cole &hellip; <\/p>\n<p class=\"link-more\"><a href=\"https:\/\/www.jeuneballetdaquitaine.com\/?page_id=1099\" class=\"more-link\">Continuer la lecture<span class=\"screen-reader-text\"> de &laquo;&nbsp;Chor\u00e9graphes invit\u00e9s 2019\/20&nbsp;&raquo;<\/span><\/a><\/p>\n","protected":false},"author":1,"featured_media":1257,"parent":0,"menu_order":0,"comment_status":"closed","ping_status":"closed","template":"","meta":[],"_links":{"self":[{"href":"https:\/\/www.jeuneballetdaquitaine.com\/index.php?rest_route=\/wp\/v2\/pages\/1099"}],"collection":[{"href":"https:\/\/www.jeuneballetdaquitaine.com\/index.php?rest_route=\/wp\/v2\/pages"}],"about":[{"href":"https:\/\/www.jeuneballetdaquitaine.com\/index.php?rest_route=\/wp\/v2\/types\/page"}],"author":[{"embeddable":true,"href":"https:\/\/www.jeuneballetdaquitaine.com\/index.php?rest_route=\/wp\/v2\/users\/1"}],"replies":[{"embeddable":true,"href":"https:\/\/www.jeuneballetdaquitaine.com\/index.php?rest_route=%2Fwp%2Fv2%2Fcomments&post=1099"}],"version-history":[{"count":2,"href":"https:\/\/www.jeuneballetdaquitaine.com\/index.php?rest_route=\/wp\/v2\/pages\/1099\/revisions"}],"predecessor-version":[{"id":1102,"href":"https:\/\/www.jeuneballetdaquitaine.com\/index.php?rest_route=\/wp\/v2\/pages\/1099\/revisions\/1102"}],"wp:featuredmedia":[{"embeddable":true,"href":"https:\/\/www.jeuneballetdaquitaine.com\/index.php?rest_route=\/wp\/v2\/media\/1257"}],"wp:attachment":[{"href":"https:\/\/www.jeuneballetdaquitaine.com\/index.php?rest_route=%2Fwp%2Fv2%2Fmedia&parent=1099"}],"curies":[{"name":"wp","href":"https:\/\/api.w.org\/{rel}","templated":true}]}}